{"id":5,"date":"2022-11-23T18:36:18","date_gmt":"2022-11-23T18:36:18","guid":{"rendered":"http:\/\/dagmara.cl\/w3\/?page_id=5"},"modified":"2025-09-12T14:40:25","modified_gmt":"2025-09-12T14:40:25","slug":"bio","status":"publish","type":"page","link":"http:\/\/dagmara.cl\/w3\/bio\/","title":{"rendered":"BIO"},"content":{"rendered":"\t\t<div data-elementor-type=\"wp-page\" data-elementor-id=\"5\" class=\"elementor elementor-5\">\n\t\t\t\t\t\t<section class=\"elementor-section elementor-top-section elementor-element elementor-element-761f1b19 elementor-section-boxed elementor-section-height-default elementor-section-height-default\" data-id=\"761f1b19\" data-element_type=\"section\">\n\t\t\t\t\t\t<div class=\"elementor-container elementor-column-gap-default\">\n\t\t\t\t\t<div class=\"elementor-column elementor-col-100 elementor-top-column elementor-element elementor-element-4a39c998\" data-id=\"4a39c998\" data-element_type=\"column\">\n\t\t\t<div class=\"elementor-widget-wrap elementor-element-populated\">\n\t\t\t\t\t\t<div class=\"elementor-element elementor-element-1c78ec6 elementor-widget elementor-widget-heading\" data-id=\"1c78ec6\" data-element_type=\"widget\" data-widget_type=\"heading.default\">\n\t\t\t\t<div class=\"elementor-widget-container\">\n\t\t\t<style>\/*! elementor - v3.23.0 - 05-08-2024 *\/\n.elementor-heading-title{padding:0;margin:0;line-height:1}.elementor-widget-heading .elementor-heading-title[class*=elementor-size-]>a{color:inherit;font-size:inherit;line-height:inherit}.elementor-widget-heading .elementor-heading-title.elementor-size-small{font-size:15px}.elementor-widget-heading .elementor-heading-title.elementor-size-medium{font-size:19px}.elementor-widget-heading .elementor-heading-title.elementor-size-large{font-size:29px}.elementor-widget-heading .elementor-heading-title.elementor-size-xl{font-size:39px}.elementor-widget-heading .elementor-heading-title.elementor-size-xxl{font-size:59px}<\/style><h2 class=\"elementor-heading-title elementor-size-default\">BIO<\/h2>\t\t<\/div>\n\t\t\t\t<\/div>\n\t\t\t\t<div class=\"elementor-element elementor-element-1c1978f3 elementor-widget elementor-widget-text-editor\" data-id=\"1c1978f3\" data-element_type=\"widget\" data-widget_type=\"text-editor.default\">\n\t\t\t\t<div class=\"elementor-widget-container\">\n\t\t\t<style>\/*! elementor - v3.23.0 - 05-08-2024 *\/\n.elementor-widget-text-editor.elementor-drop-cap-view-stacked .elementor-drop-cap{background-color:#69727d;color:#fff}.elementor-widget-text-editor.elementor-drop-cap-view-framed .elementor-drop-cap{color:#69727d;border:3px solid;background-color:transparent}.elementor-widget-text-editor:not(.elementor-drop-cap-view-default) .elementor-drop-cap{margin-top:8px}.elementor-widget-text-editor:not(.elementor-drop-cap-view-default) .elementor-drop-cap-letter{width:1em;height:1em}.elementor-widget-text-editor .elementor-drop-cap{float:left;text-align:center;line-height:1;font-size:50px}.elementor-widget-text-editor .elementor-drop-cap-letter{display:inline-block}<\/style>\t\t\t\t<p><!-- wp:paragraph --><\/p>\n<p>Polaca, Doctor en Arte de la Universidad de Bellas Artes de Cracovia. Cofundadora del Colectivo SE VENDE Plataforma M\u00f3vil de Arte Contempor\u00e1neo, directora de la Bienal Internacional de Arte Contempor\u00e1neo, SACO. Intervino con acciones objetuales de gran formato Valle de los Meteoritos en el Desierto de Atacama, observatorio astron\u00f3mico ALMA, lago Amargo en la Regi\u00f3n de Magallanes y Ant\u00e1rtida Chilena, antiguo barrio jud\u00edo en Cracovia, costa brit\u00e1nica y puerto de Valpara\u00edso. Particip\u00f3 en bienales en Rusia y Polonia. Realiz\u00f3 varias intervenciones en salares en Andes argentinos; en espacios p\u00fablicos en Manizales, Medell\u00edn y Bogot\u00e1 en Colombia; en Londres y Hastings en Inglaterra; en Antofagasta, Coliumo y Castro en Chile; en el Palacio del Pueblo y en la plaza Murillo en la Paz. Expuso en el Museo Nacional de Bolivia y en Espacio de Arte Contempor\u00e1neo de Montevideo, adem\u00e1s en Estados Unidos, China, M\u00e9xico, Indonesia y Argentina. Ganadora de Grand Prize en la XVII Bienal de Asia en Bangladesh con video Juego Mixto, 2016.<\/p>\n<p><!-- \/wp:paragraph --><\/p>\t\t\t\t\t\t<\/div>\n\t\t\t\t<\/div>\n\t\t\t\t<div class=\"elementor-element elementor-element-d859366 elementor-widget elementor-widget-image\" data-id=\"d859366\" data-element_type=\"widget\" data-widget_type=\"image.default\">\n\t\t\t\t<div class=\"elementor-widget-container\">\n\t\t\t<style>\/*! elementor - v3.23.0 - 05-08-2024 *\/\n.elementor-widget-image{text-align:center}.elementor-widget-image a{display:inline-block}.elementor-widget-image a img[src$=\".svg\"]{width:48px}.elementor-widget-image img{vertical-align:middle;display:inline-block}<\/style>\t\t\t\t\t\t\t\t\t\t<img fetchpriority=\"high\" decoding=\"async\" width=\"800\" height=\"534\" src=\"http:\/\/dagmara.cl\/w3\/wp-content\/uploads\/2023\/11\/Dagmara-0193-1024x683.jpg\" class=\"attachment-large size-large wp-image-2832\" alt=\"\" srcset=\"http:\/\/dagmara.cl\/w3\/wp-content\/uploads\/2023\/11\/Dagmara-0193-1024x683.jpg 1024w, http:\/\/dagmara.cl\/w3\/wp-content\/uploads\/2023\/11\/Dagmara-0193-300x200.jpg 300w, http:\/\/dagmara.cl\/w3\/wp-content\/uploads\/2023\/11\/Dagmara-0193-768x512.jpg 768w, http:\/\/dagmara.cl\/w3\/wp-content\/uploads\/2023\/11\/Dagmara-0193.jpg 1134w\" sizes=\"(max-width: 800px) 100vw, 800px\" \/>\t\t\t\t\t\t\t\t\t\t\t\t\t<\/div>\n\t\t\t\t<\/div>\n\t\t\t\t<div class=\"elementor-element elementor-element-bb1e16c elementor-widget elementor-widget-text-editor\" data-id=\"bb1e16c\" data-element_type=\"widget\" data-widget_type=\"text-editor.default\">\n\t\t\t\t<div class=\"elementor-widget-container\">\n\t\t\t\t\t\t\t<p><!-- wp:paragraph --><\/p>\n<p>Dagmara Wyskiel graduated in Industrial Design and did her doctorate at the Faculty of Sculpture at the Academy of\u00a0<span style=\"color: var( --e-global-color-text );\">Fine Arts in Krakow. She has been living in Chile since 2001. Co-founder and artistic director of the SACO\u00a0<\/span><span style=\"color: var( --e-global-color-text );\">Contemporary Art International Biennial. She realised large-scale actions in the Valley of Meteorites in the Atacama\u00a0<\/span><span style=\"color: var( --e-global-color-text );\">Desert, at the ALMA astronomical observatory, on the shores of Lake Amargo in the Strait of Magellan and Chilean\u00a0<\/span><span style=\"color: var( --e-global-color-text );\">Antarctica region, in the Kazimierz district of Krakow and in the port of Valparaiso. She has made several\u00a0<\/span><span style=\"color: var( --e-global-color-text );\">interventions on salt lakes in the Argentine Andes; in public spaces in Manizales, Medell\u00edn and Bogot\u00e1, Colombia; on\u00a0<\/span><span style=\"color: var( --e-global-color-text );\">the steps of the presidential palace of La Paz, Bolivia; in London and Hastings, England; in Antofagasta, Coliumo and\u00a0<\/span><span style=\"color: var( --e-global-color-text );\">Castro, Chile. Her work has been shown in solo exhibitions at the National Museum of Bolivia, the Center for\u00a0<\/span><span style=\"color: var( --e-global-color-text );\">Contemporary Art in Montevideo, Uruguay, twice at the Museum of Contemporary Art and the Museum of Memory and\u00a0<\/span><span style=\"color: var( --e-global-color-text );\">Human Rights in Santiago de Chile, as well as in the United States, Spain, Poland and in group exhibitions in China,\u00a0<\/span><span style=\"color: var( --e-global-color-text );\">Mexico, Russia, Indonesia and Argentina and her films have been awarded at many festivals. She is the winner of the\u00a0<\/span><span style=\"color: var( --e-global-color-text );\">Grand Prize at the 17th Asian Art Biennale Bangladesh, 2016.<\/span><\/p>\n<p><!-- \/wp:paragraph --><\/p>\t\t\t\t\t\t<\/div>\n\t\t\t\t<\/div>\n\t\t\t\t\t<\/div>\n\t\t<\/div>\n\t\t\t\t\t<\/div>\n\t\t<\/section>\n\t\t\t\t<section class=\"elementor-section elementor-top-section elementor-element elementor-element-464d5cd elementor-section-height-min-height elementor-section-items-top elementor-section-boxed elementor-section-height-default\" data-id=\"464d5cd\" data-element_type=\"section\">\n\t\t\t\t\t\t<div class=\"elementor-container elementor-column-gap-default\">\n\t\t\t\t\t<div class=\"elementor-column elementor-col-100 elementor-top-column elementor-element elementor-element-5002a92\" data-id=\"5002a92\" data-element_type=\"column\">\n\t\t\t<div class=\"elementor-widget-wrap elementor-element-populated\">\n\t\t\t\t\t\t<section class=\"elementor-section elementor-inner-section elementor-element elementor-element-42c4520 elementor-section-boxed elementor-section-height-default elementor-section-height-default\" data-id=\"42c4520\" data-element_type=\"section\">\n\t\t\t\t\t\t<div class=\"elementor-container elementor-column-gap-default\">\n\t\t\t\t\t<div class=\"elementor-column elementor-col-50 elementor-inner-column elementor-element elementor-element-acbc097\" data-id=\"acbc097\" data-element_type=\"column\">\n\t\t\t<div class=\"elementor-widget-wrap elementor-element-populated\">\n\t\t\t\t\t\t<div class=\"elementor-element elementor-element-a337893 elementor-align-center elementor-widget elementor-widget-button\" data-id=\"a337893\" data-element_type=\"widget\" data-widget_type=\"button.default\">\n\t\t\t\t<div class=\"elementor-widget-container\">\n\t\t\t\t\t<div class=\"elementor-button-wrapper\">\n\t\t\t<a class=\"elementor-button elementor-button-link elementor-size-sm elementor-animation-push\" href=\"https:\/\/drive.google.com\/file\/d\/1YXi2SEc3EK1GL0G9TunX0gH3n4OvFMfv\/view\">\n\t\t\t\t\t\t<span class=\"elementor-button-content-wrapper\">\n\t\t\t\t\t\t\t\t\t<span class=\"elementor-button-text\">CV - Espa\u00f1ol<\/span>\n\t\t\t\t\t<\/span>\n\t\t\t\t\t<\/a>\n\t\t<\/div>\n\t\t\t\t<\/div>\n\t\t\t\t<\/div>\n\t\t\t\t\t<\/div>\n\t\t<\/div>\n\t\t\t\t<div class=\"elementor-column elementor-col-50 elementor-inner-column elementor-element elementor-element-2feba8c\" data-id=\"2feba8c\" data-element_type=\"column\">\n\t\t\t<div class=\"elementor-widget-wrap elementor-element-populated\">\n\t\t\t\t\t\t<div class=\"elementor-element elementor-element-03ddecc elementor-align-center elementor-widget elementor-widget-button\" data-id=\"03ddecc\" data-element_type=\"widget\" data-widget_type=\"button.default\">\n\t\t\t\t<div class=\"elementor-widget-container\">\n\t\t\t\t\t<div class=\"elementor-button-wrapper\">\n\t\t\t<a class=\"elementor-button elementor-button-link elementor-size-sm elementor-animation-push\" href=\"https:\/\/drive.google.com\/file\/d\/1f2mc7fBaliuhwBxcJUFNVZolvJh5tWcZ\/view\">\n\t\t\t\t\t\t<span class=\"elementor-button-content-wrapper\">\n\t\t\t\t\t\t\t\t\t<span class=\"elementor-button-text\">CV - English<\/span>\n\t\t\t\t\t<\/span>\n\t\t\t\t\t<\/a>\n\t\t<\/div>\n\t\t\t\t<\/div>\n\t\t\t\t<\/div>\n\t\t\t\t\t<\/div>\n\t\t<\/div>\n\t\t\t\t\t<\/div>\n\t\t<\/section>\n\t\t\t\t\t<\/div>\n\t\t<\/div>\n\t\t\t\t\t<\/div>\n\t\t<\/section>\n\t\t\t\t<\/div>\n\t\t","protected":false},"excerpt":{"rendered":"<p>BIO Polaca, Doctor en Arte de la Universidad de Bellas Artes de Cracovia. Cofundadora del Colectivo SE VENDE Plataforma M\u00f3vil de Arte Contempor\u00e1neo, directora de la Bienal Internacional de Arte Contempor\u00e1neo, SACO. Intervino con acciones objetuales de gran formato Valle de los Meteoritos en el Desierto de Atacama, observatorio astron\u00f3mico ALMA, lago Amargo en la [&hellip;]<\/p>\n","protected":false},"author":1,"featured_media":0,"parent":0,"menu_order":2,"comment_status":"closed","ping_status":"closed","template":"","meta":{"footnotes":""},"class_list":["post-5","page","type-page","status-publish","hentry"],"_links":{"self":[{"href":"http:\/\/dagmara.cl\/w3\/wp-json\/wp\/v2\/pages\/5","targetHints":{"allow":["GET"]}}],"collection":[{"href":"http:\/\/dagmara.cl\/w3\/wp-json\/wp\/v2\/pages"}],"about":[{"href":"http:\/\/dagmara.cl\/w3\/wp-json\/wp\/v2\/types\/page"}],"author":[{"embeddable":true,"href":"http:\/\/dagmara.cl\/w3\/wp-json\/wp\/v2\/users\/1"}],"replies":[{"embeddable":true,"href":"http:\/\/dagmara.cl\/w3\/wp-json\/wp\/v2\/comments?post=5"}],"version-history":[{"count":87,"href":"http:\/\/dagmara.cl\/w3\/wp-json\/wp\/v2\/pages\/5\/revisions"}],"predecessor-version":[{"id":3929,"href":"http:\/\/dagmara.cl\/w3\/wp-json\/wp\/v2\/pages\/5\/revisions\/3929"}],"wp:attachment":[{"href":"http:\/\/dagmara.cl\/w3\/wp-json\/wp\/v2\/media?parent=5"}],"curies":[{"name":"wp","href":"https:\/\/api.w.org\/{rel}","templated":true}]}}